e tens digit of j?
8
Let d be (-1 + 1)/(14 + -17). Let l be 4*(d - -1) + 2. Suppose -264 = -l*y - 2*y. What is the tens digit of y?
3
Suppose 18*i = -38129 + 8879. Let a = -227 - i. What is the units digit of a?
8
Suppose -4*j = 2*n, -4*n + 5*n = 4*j + 18. Suppose -18*k - 3*o - 708 = -15*k, 3*k + o = -710. What is the tens digit of 2 + k/(n/(-2))?
8
Let x(l) = 36*l**2 - 7*l + 15. Let u be (18/(-15))/(8/(-20)). What is the tens digit of x(u)?
1
Let u(j) = -130*j - 2. Let x(h) = 2*h + 1. Let t(w) = 2*u(w) + 6*x(w). Let y be t(-4). Suppose 6*b = -5*z + 2*b + y, -4 = b. What is the units digit of z?
2
Suppose -16*u - 24 + 216 = 0. What is the tens digit of ((-520)/u)/((-31)/6 - -5)?
6
Let v = -61 - -64. Let o be (5/v)/(-3*(-1)/63). Let c = o + -6. What is the tens digit of c?
2
Let z(m) = -3*m - 88. Let o be z(-39). What is the tens digit of -5 + (9 + -6)*o?
8
Suppose 2*t = -3*t + 45. Suppose 0 = -4*m - 4*u + 248, 0 = 96*u - 91*u. Suppose -t*z - m = -11*z. What is the units digit of z?
1
Let v(k) = 3*k**2 - 2*k + 48. Let y(z) = z. Let i(t) = v(t) - 3*y(t). What is the tens digit of i(6)?
2
Let j(q) = 64*q**2 + 42*q + 68. What is the units digit of j(-8)?
8
Let z = 13965 - 8314. What is the units digit of z?
1
Suppose -u = -6*u + 2*f + 10, 2 = u - 4*f. Let x be (12/u)/(-1 - -3). Suppose 2*w - 8 = -2*w, -329 = -5*o + x*w. What is the tens digit of o?
6
Let j(z) = 687*z - 5*z**2 - z**3 - 696*z + 27 + 20*z**2. What is the hundreds digit of j(12)?
3
Let c be 7 + 258/(-36) - (-147)/18. Suppose 0 = -17*s + c*s + 3663. What is the units digit of s?
7
Suppose 0 = -b + 3*i + 1313, -5267 = -4*b + 579*i - 582*i. What is the thousands digit of b?
1
Suppose -b = -4*b + 3*k + 5661, -2*k - 7544 = -4*b. Suppose b = 30*m - 25*m. What is the tens digit of m?
7
Let a = 20884 - 13056. What is the units digit of a?
8
Suppose 9 = 4*w - w. Suppose 2*p + 3*r - 12 = 0, 4*p + 0 = 4*r - 16. Suppose 0*y + w*k + 109 = y, p = -3*y + 2*k + 306. What is the hundreds digit of y?
1
Let c(u) = -68*u - 13. Suppose -5*a + 20 = -2*y, -7*a + 2*a = -5*y - 35. What is the hundreds digit of c(y)?
3
Let d = -3184 + 4423. What is the units digit of d?
9
What is the tens digit of (-83601)/6*(-81 + 79)?
6
Let v(a) = -6*a**2. Suppose -2 + 4 = -2*y. Let o be v(y). What is the tens digit of (154/3)/(114/18 + o)?
5
Suppose -10322 = -6*v + 1906. What is the tens digit of v?
3
Let v be 1/((91/(-21))/(-13)). What is the thousands digit of 1198 - (10/6 + (-2)/v)?
1
Suppose 760 = 4*q - 4*a, 62*a + 546 = 3*q + 65*a. Let r be (-710)/(-14) + (-10)/(-35). Let s = q - r. What is the units digit of s?
5
Let l be -4 + (48/28 - 6/(-21)). Let g be (l + -1)/(-1 + 0). Suppose -j + 2*w = 3*j - 436, 4*j + g*w - 416 = 0. What is the units digit of j?
7
Let w(j) = j**2 - 9*j + 2. Let i be w(9). Let k(z) = 9*z + 3*z**i - 9 - 11 - 12 + 33. What is the tens digit of k(-4)?
1
Let q(o) = o - 91*o + 12 + 40 + 48 - 9*o. What is the hundreds digit of q(-12)?
2
Let q = 14176 + -3699. What is the thousands digit of q?
0
Suppose 15*u - 43547 + 31367 = 0. What is the tens digit of u?
1
Let i(d) = 4407*d**3 - 15*d**2 - d + 15. What is the units digit of i(1)?
6
Let i = 28 - 23. Suppose -i*a + 2*j = -2*j + 10, 4*a = -2*j + 18. Suppose 8 = -l + 4, -190 = -a*k - 3*l. What is the hundreds digit of k?
1
Let i = -124 - -128. Suppose -3345 = -5*s + 5*k, 18*k - 2682 = -i*s + 16*k. What is the tens digit of s?
7
Let w(l) = -11*l**3 - 5*l**2 + 50*l - 259. What is the ten thousands digit of w(-11)?
1
Suppose -5*v - 12*p + 11*p = -23657, -3*v + 5*p + 14211 = 0. What is the hundreds digit of v?
7
Let r be (-2 + 1/3)/((-3)/9). Suppose -6*l + r*l = -312. What is the units digit of l?
2
Let n(h) = -27*h + 32. Let f = 51 - 61. What is the tens digit of n(f)?
0
Let i = 101132 - 59016. What is the ten thousands digit of i?
4
Let q(k) = 18*k**2 - 9*k + 9. Let n be q(5). Let f = 197 - 485. Let x = n + f. What is the hundreds digit of x?
1
Let k = 1176 - 491. Let g = k + -536. What is the tens digit of g?
4
Let l = -11914 + 14798. What is the hundreds digit of l?
8
Let i(a) = 5*a - 137. Let q be i(31). Let r(u) = -u**3 + 18*u**2 + 18. What is the tens digit of r(q)?
1
Suppose -38*q + t - 54803 = -43*q, -3*q = 3*t - 32889. What is the ten thousands digit of q?
1
Let l(a) = 10*a**2 + a - 40. Let k be l(0). What is the tens digit of k/140 + (-12954)/(-14) + 2?
2
Suppose 0*s + 4*s + 4509 = m, 5*s - 18099 = -4*m. What is the units digit of m?
1
Suppose -85 = 4*z + 1719. Let i = -344 - z. What is the units digit of i?
7
Suppose -6 = -3*r + a, -5*r + 2*a = 5*a - 10. Suppose r*d - 3*m + 6*m = 484, 0 = 4*d + m - 978. What is the tens digit of d?
4
Let z = -259 + 214. What is the units digit of (7 + -69)*(z/(-2))/(-5)?
9
Suppose -7 = 11*s - 117. Suppose -1788 = -14*j + s*j. What is the tens digit of j?
4
Let g = -68141 + 96310. What is the tens digit of g?
6
Suppose 0*g - g - 2*n = -43, 5*g - 260 = 5*n. Let h = g + -44. Suppose 2*u = -c + h*c - 2, -2*u + 2*c = 0. What is the units digit of u?
1
Suppose 0 = 3*v - 35 + 26. What is the hundreds digit of ((5 - v) + 2)/((-10)/(-895))?
3
What is the thousands digit of 2832 - (-5 + ((-22)/(-66))/(2/72))?
2
Let r(n) = -134*n + 62. Let d be r(-9). Suppose -d = 14*k - 18*k. What is the tens digit of k?
1
Let d be ((-2)/3)/(10/(-30)). Let w(f) = 8*f**3 + 2*f**2 - 2*f - 3. Let a be w(d). Suppose -2*p - 3*z = -40 + 5, 3*z = 2*p - a. What is the units digit of p?
5
Suppose 56*i - 326561 - 4685775 = 0. What is the thousands digit of i?
9
Suppose 7*u - 115 = 102. Let r(f) = -2*f - f + u + 16 - 2. What is the tens digit of r(-14)?
8
Let u be (-6)/(-18) - (-47732)/(-6). What is the units digit of 12/(-3) - (5 + u)/5?
6
What is the thousands digit of 10*-1*(-3 + -16)*22?
4
Let a be -15*(5296/(-12))/2. Suppose 0 = w + 9*w - a. What is the hundreds digit of w?
3
Let f(z) = z + 3. Let w(o) = 6*o**2 - 1. Let m be w(1). Let r be f(m). What is the tens digit of 18*(-3 + 76/r)?
1
Let g = 2294 - -9817. What is the units digit of g?
1
Let r = 25577 - -5371. What is the hundreds digit of r?
9
Let b(w) = -w**2 - 7*w - 3. Let h be b(-6). Let o be h + (-3)/(1 - -2). Suppose -o*y - l + 128 = 0, -2*l + 67 = 2*y - 63. What is the tens digit of y?
6
Let t = 7 - 9. Let c be (-8)/t + (-240)/(-8). Let z = 18 + c. What is the tens digit of z?
5
Let n(i) = -7*i**2 - i**3 - 38*i + 2*i**2 - 6 + 16*i + 18*i + 3. Let c(k) = 2*k + 3. Let g be c(-4). What is the units digit of n(g)?
7
Let x(h) = -h**2 + 8*h - 2. Let d be x(4). Suppose -23*o - d*o = -30118. What is the tens digit of o?
1
Let t(i) = -293*i + 6. Let k(h) = -585*h + 13. Let a(b) = 2*k(b) - 5*t(b). Let r be a(1). Suppose -r = 5*m - 8*m. What is the units digit of m?
7
Let p = -106 - -113. Suppose 1797 = 3*f - 2*g, 0 = -9*f + p*f - 2*g + 1198. What is the tens digit of f?
9
Let n = -519 + 550. Suppose n*t - 1305 = -14*t. What is the units digit of t?
9
Let t = 6398 + -3082. What is the units digit of t?
6
Let g = 53 + -49. Suppose -12 = -g*b - 268. Let c = 92 + b. What is the tens digit of c?
2
Let p = 26416 + -4833. What is the ten thousands digit of p?
2
Let u be (2803/(-6))/(4/(-12))*2. Suppose u - 955 = 2*z. What is the tens digit of z?
2
Suppose 10*c - 5*c - 2*q - 956 = 0, -377 = -2*c - q. Let r = -117 + c. Let u = r - 61. What is the tens digit of u?
1
Suppose -3*u + 236 = -5*o, 0 = o + 5*u - 6 + 70. Let h = 75 - o. What is the units digit of h?
4
Let y = -389 - -402. Let j(n) = 102*n + 39. What is the units digit of j(y)?
5
Suppose -8*z - 6*z - 4480 = 0. Let c = 875 + z. What is the units digit of c?
5
Suppose 0 = 3*q - 6*q. Suppose 4*m - 2*v - 77 = 79, -m + 3*v + 49 = q. Let o = m - -42. What is the tens digit of o?
7
What is the ten thousands digit of (-117)/(18 - 5) - -10298?
1
Let r = -15473 + 26687. What is the units digit of r?
4
What is the units digit of 67567 + 40/24*162/30?
6
Let h(z) be the third derivative of z**6/120 + z**5/10 - z**4/6 - 11*z**3/6 + 19*z**2. Let f be h(-7). Let d = 161 + f. What is the tens digit of d?
2
Let d be 1/(15/10) + (-717)/9. Let m = d + 82. Suppose -f + 3*p = -54, 199 = m*f + f + 5*p. What is the units digit of f?
1
Suppose -2*h + 6 = -j + 3*j, 11 = j + 5*h. What is the tens digit of -16 + 69 + (j - -2)?
5
Let l be 15 + (-1740)/(-36) - ((-5)/3 +